re the prime factors of j?
2
Let h(r) = r**2 - 3*r - 6. Let p be h(5). Suppose -168 = -p*c + 4*o - 24, 4*o = 3*c - 110. What are the prime factors of c?
2, 17
Let p be 4*2*(-12)/16. List the prime factors of ((-4)/p)/(10/(-705))*-1.
47
Suppose 4*p = -4*a + 2372, 5*a + p - 2995 = 2*p. List the prime factors of a.
2, 13, 23
Let f(s) = s**2 + 3*s + 3. Let v = 5 + -10. Let p be f(v). Let x = 3 + p. List the prime factors of x.
2
Suppose -34*s = -42078 + 7466. What are the prime factors of s?
2, 509
Suppose 4*r = 783 + 233. List the prime factors of r.
2, 127
Suppose 4*i - 3*x = -32 + 124, -4*x = 0. List the prime factors of ((-1)/3)/(i/(-7797)).
113
Suppose x + 0*m = 3*m - 9, 15 = -x + 5*m. Suppose -3*l + 127 + 116 = x. List the prime factors of l.
3
Let a(j) be the third derivative of -7*j**4/24 + 4*j**2. Let s = 15 - 20. What are the prime factors of a(s)?
5, 7
Let l = -5629 - -9712. List the prime factors of l.
3, 1361
Suppose 0*s + 5*s = -2*b + 331, -3*b - 5*s + 494 = 0. What are the prime factors of b?
163
Let g = -42 - -38. List the prime factors of g/(-2)*(0 - -12 - 2).
2, 5
Suppose 4*r + 284 + 3260 = 0. Let y = -603 - r. What are the prime factors of y?
283
List the prime factors of ((-14052)/(-20))/3 + (-6)/30.
2, 3, 13
Suppose 7 = -2*r + 13. Suppose -3*w = 2*w + 4*g - 421, -r*w = 2*g - 251. List the prime factors of w.
3
Let k(f) = -f**3 - 16*f + 24. List the prime factors of k(-10).
2, 37
Suppose 11*o - 10406 = -1606. Let d = o + -565. List the prime factors of d.
5, 47
Suppose b = -5*x + 2462, -x = -4*b - 0*b - 484. List the prime factors of x.
2, 3, 41
Let y = 320 + -220. Suppose 2*c + 4*v = -c + 136, 2*c + 5*v - y = 0. List the prime factors of c.
2, 5
Let h(p) = 6*p**2 - 15*p + 56. List the prime factors of h(9).
11, 37
Suppose 7*r + 6*r - 6370 = 0. Suppose -11*i + r = -4*i. What are the prime factors of i?
2, 5, 7
Suppose -2*t - 5*d - 2*d = -2981, -3*d = -3*t + 4431. List the prime factors of t.
2, 5, 37
Let w(q) = -62*q + 10. Let o(k) = -2*k**2 + 17*k - 23. Let p be o(7). What are the prime factors of w(p)?
2, 67
Let z = -2976 - -4455. List the prime factors of z.
3, 17, 29
Suppose -4*c - 1 = -33. Let n be (-2)/c - (-935)/(-20). Let a = -28 - n. List the prime factors of a.
19
Suppose 664 = 4*f + 2*g, -f + 4*g + 67 = -99. List the prime factors of f.
2, 83
Let i(q) = q**2 - 3*q - 3. Let p be i(4). Let h be p/(-4) - (-27)/12. Suppose 7*d - h*d - 90 = 0. List the prime factors of d.
2, 3
Suppose 0 = -16*f + 11753 + 24647. What are the prime factors of f?
5, 7, 13
Suppose 5*o + 25 = 5*m, -5*o + 3*m + 6 = 31. Let u(n) = -n**3 + 2*n - 11. List the prime factors of u(o).
2, 13
Let z be 4/(-10) - 354/(-10). Suppose 3*w + 4*h - 3 = z, 4*w - h - 57 = 0. List the prime factors of (-4 - -2)/((-2)/w).
2, 7
What are the prime factors of (26 - 25)/(3/3813)?
31, 41
Let o = -183 + 330. List the prime factors of o.
3, 7
List the prime factors of 891 + 3/9*-21.
2, 13, 17
Suppose 0 = 3*x + 16 - 22. What are the prime factors of (-715)/(-20) + x/8?
2, 3
Let d = -1149 + 1569. What are the prime factors of d?
2, 3, 5, 7
Let p(c) = -7*c**3 + 10*c**2 - 2*c - 20. List the prime factors of p(-4).
2, 149
What are the prime factors of ((-12)/(-15))/(64036/(-32020) + 2)?
2, 1601
Let o = 64 + 24. List the prime factors of (2 + 1)*o/33.
2
Let n = 4426 - 2653. What are the prime factors of n?
3, 197
Let c = -1123 - -1143. List the prime factors of c.
2, 5
Let j = 578 + -412. Let v = j - 49. Suppose -4*c + c + v = 0. What are the prime factors of c?
3, 13
List the prime factors of (-13)/52 - (-1561)/(-8)*-2.
2, 3, 5, 13
Suppose 3 + 3 = -t. List the prime factors of (9/t)/(6/(-204)).
3, 17
Suppose -39 = 4*h - 107. Let a = h - -23. List the prime factors of a.
2, 5
Let j = 60 - 60. Suppose j = 8*g - 527 - 297. List the prime factors of g.
103
Suppose -i - 2*i - 342 = -r, -12 = -4*i. List the prime factors of r.
3, 13
Let g be 6273/34 + 2/(-4). Suppose 0 = -0*r + 3*r - m - 112, m + g = 5*r. What are the prime factors of r?
2, 3
Suppose 3*o = -2*g - 244, 4*o + 3*g = -230 - 94. List the prime factors of (-30)/18*o/4.
5, 7
List the prime factors of ((-432)/90)/(2/80*-3).
2
Let o = 38 + -29. Suppose -490 = -o*h + 4*h. What are the prime factors of h?
2, 7
Let r(d) = -161*d + 85. List the prime factors of r(-20).
5, 661
Suppose 189 = 3*x + 45. Let w = 68 + x. List the prime factors of w.
2, 29
Let i(n) = 80*n**3 - 11*n**2 + 4*n - 6. List the prime factors of i(3).
3, 13, 53
Let v(t) = -53*t - 91. What are the prime factors of v(-14)?
3, 7, 31
Suppose 0 = -3*c + 5*c + 2*c. What are the prime factors of 16/120 - (c + 2636/(-30))?
2, 11
Let u(n) be the first derivative of n**4/4 - n**3/3 + n**2 + 15*n + 9. Let b be 0*(-2)/(0 + 2). What are the prime factors of u(b)?
3, 5
Suppose 38*w = 1792 + 7176. What are the prime factors of w?
2, 59
Suppose -b + 6*o - o = 33, -64 = 4*b - 3*o. Let w = -11 - b. What are the prime factors of 3/w*8/6?
2
Suppose 236 = -5*b - 44. Let w = 16 - b. List the prime factors of w.
2, 3
Let w = -58 - -57. What are the prime factors of 117 - (w/(-2))/((-9)/18)?
2, 59
Suppose -2*c + 5*t + 18 = 2*t, 2*c - 2*t = 20. List the prime factors of c.
2, 3
Suppose -2*h + 390 = -4*j, -3*h + 2*h = -j - 195. Suppose 0 = -x + 2*x - 129. Let n = h - x. What are the prime factors of n?
2, 3, 11
Suppose -4*u = -5*t - 264, 0*t - 264 = -4*u - 3*t. Let i = u - 5. What are the prime factors of i?
61
Let z = 3852 + -1759. What are the prime factors of z?
7, 13, 23
Let o = 2131 + -1414. List the prime factors of o.
3, 239
Suppose -p - 433 = -2*p. Suppose 0 = 2*u - y + 2*y - p, y = -3. What are the prime factors of u?
2, 109
Suppose -52 + 4 = -12*r. Suppose 0 = 5*s + b - 290, 4*s - r*b - 188 = 44. List the prime factors of s.
2, 29
Suppose -4*o + 4*o = 17*o. Let p(j) = 3*j**2 - 14*j + 34. Let t(f) = f**2 - 5*f + 11. Let z(v) = 4*p(v) - 11*t(v). What are the prime factors of z(o)?
3, 5
Suppose 3*f + 69 = -0*g + 3*g, -g + 131 = -5*f. What are the prime factors of 44 - ((-9)/f + 2/3)?
43
Let u(x) = -x**2 + 30*x + 98. Let w be u(33). Let c(a) = -120*a**3 + a + 1. What are the prime factors of c(w)?
2, 3, 5
Suppose 0 = -5*j - 1 + 16. Suppose -4*u - j*o = -2*o - 904, -u - 3*o = -237. Let x = -161 + u. What are the prime factors of x?
2
Suppose 0 = 3*n - 3*a - 55 - 104, 0 = n + 3*a - 41. Suppose 0 = -6*z + z + n. List the prime factors of z.
2, 5
Suppose 2*p + 3*o + 135 = 0, 134 = -3*p - o - 86. Let d be 65*(0 + 6/3). Let q = p + d. What are the prime factors of q?
5, 11
Let v be 19/5 - (-14)/70. Suppose -102 = -5*i - v*g, 9 = 3*i + 5*g - 47. List the prime factors of i.
2, 11
Let v(g) = -g**3 - 46*g**2 - 5*g + 12. What are the prime factors of v(-46)?
2, 11
Suppose 17*j - 14*j = 12. Suppose -j*o = -2*o. Suppose o = -m - 4*v - 5, 4 = 4*m - 2*v - 12. What are the prime factors of m?
3
Suppose c = -3*j + 2*j + 513, 3*j = -4*c + 1541. List the prime factors of j/4 + (5 - 6)/(-4).
2
Let a(j) = -j - 1. Let h be a(-3). Let m(c) = 12 - 4*c**2 + 0 + 10*c + 5*c**h. What are the prime factors of m(-9)?
3
Let o(g) = -2*g + 276. What are the prime factors of o(-18)?
2, 3, 13
Suppose 2*p + 20 = 4*p + 4*g, 3*p + 3*g - 18 = 0. Suppose -3*x + 343 = -5*r, 3*x + p*r = r + 313. What are the prime factors of x?
2, 53
Let h(c) = 3*c + 153. What are the prime factors of h(-23)?
2, 3, 7
Let c be (-1)/(8/(-1228)*(-2)/(-4)). Suppose y - c = -6*i + 3*i, 3*y = i - 99. List the prime factors of i.
2, 3, 17
Suppose 4*q + 0*q = 0. Suppose q = -0*w - 2*w + 202. Suppose -3*s - 16 + 63 = 2*j, 5*j = 4*s - w. What are the prime factors of s?
19
Let z = -2641 + 5000. List the prime factors of z.
7, 337
Suppose k = 3*u + 355 + 101, 0 = -2*u - 4. List the prime factors of k.
2, 3, 5
Let u(m) = -3*m + 26. Let a(o) = -o**2 - 13*o - 6. Let p be a(-13). List the prime factors of u(p).
2, 11
Let a = -45 - 75. Let c = -70 - a. What are the prime factors of c?
2, 5
Let w = 9 + -7. Suppose -5*q - 60 + 202 = w*f, -3*f - 2*q + 202 = 0. Suppose -4*k + f = -70. What are the prime factors of k?
2, 17
Suppose -5*g - 49*g = -15606. What are the prime factors of g?
17
Let j = 134 + -75. Suppose 5*n + 95 = 5*x, 0 = 2*x - 0*x + 5*n - j. List the prime factors of x.
2, 11
Let x be 1/(11/(-3) - -4). Suppose -5*s = -h - 11, 0 = -x*s +